y(-15).
720
Let k(u) = -255*u**2 + 97*u. Determine k(-1).
-352
Let u(r) = -r**2 - 281*r - 11914. Calculate u(-52).
-6
Let n(j) = 6*j**2 - 110*j + 1244. Give n(12).
788
Let r(m) = -917150*m - 3668609. What is r(-4)?
-9
Let w(v) = v**3 - 21*v**2 + 165*v - 603. What is w(11)?
2
Let p(n) = -1249*n - 566707. Calculate p(-453).
-910
Let y(g) = g**2 - 45984*g + 2388465. Calculate y(52).
1
Let l(v) = -v**2 - 13*v + 14516. Calculate l(114).
38
Let i(d) = 3305*d + 75787. Give i(-23).
-228
Let f(b) = -17*b**2 + 2430*b - 467. Calculate f(142).
1805
Let c(t) = -82*t**2 + 1467*t + 141. Determine c(18).
-21
Let i(v) = v**3 + 95*v**2 + 81*v - 888. Determine i(-94).
334
Let w(n) = -n**3 + 47*n**2 - 361*n - 31. Give w(37).
302
Let a(m) = 59*m - 6809. Calculate a(113).
-142
Let i(g) = -5*g**3 - 62*g**2 - 33*g + 327. Give i(-10).
-543
Let l(a) = -1376070*a + 8256413. What is l(6)?
-7
Let i(o) = 8*o**3 - 143*o**2 + 891*o + 2370. Determine i(-2).
-48
Let g(o) = 2*o**2 + 181*o + 3384. Calculate g(-64).
-8
Let u(k) = 55228*k - 3368914. What is u(61)?
-6
Let f(w) = -8*w**2 + 942*w - 7052. Give f(8).
-28
Let k(u) = 88482*u + 88547. Determine k(-1).
65
Let w(d) = d**3 - 25*d**2 + 95*d - 115. What is w(21)?
116
Let y(n) = -3*n**2 - 89*n + 24823. Calculate y(-107).
-1
Let k(o) = -o**3 + 105*o**2 - 2566*o - 25. Determine k(39).
287
Let x(m) = 3734*m + 3653. Give x(-1).
-81
Let p(m) = 8*m**2 - 1880*m - 93035. Determine p(-42).
37
Let w(p) = -119173*p + 3694358. What is w(31)?
-5
Let q(u) = -21*u**2 - 5676*u - 1793. Give q(-270).
-173
Let v(p) = 160*p**2 - 247*p - 254. Determine v(-1).
153
Let p(c) = -55*c**2 - 133*c + 265. What is p(2)?
-221
Let q(u) = -u**2 + 4660*u - 874957. Determine q(196).
-13
Let o(m) = -m**3 - 178*m**2 - 755*m - 10267. Calculate o(-174).
-1
Let g(z) = -62801*z - 502399. Determine g(-8).
9
Let k(p) = -663*p - 4559. Calculate k(-7).
82
Let p(k) = -409*k + 12695. Calculate p(44).
-5301
Let i(b) = 2*b**3 + 4*b**2 + 24*b - 209. Give i(6).
511
Let n(b) = 17*b**2 + 21312*b + 63803. Give n(-3).
20
Let x(f) = 42*f**2 - 1054*f + 2109. Calculate x(2).
169
Let v(q) = 527*q + 8369. Give v(-16).
-63
Let m(n) = 353*n + 45515. Determine m(-129).
-22
Let a(o) = -92297*o + 646072. Determine a(7).
-7
Let q(y) = -y**3 - 7*y**2 + 82*y - 127. Calculate q(2).
1
Let t(d) = -4*d**3 + 151*d**2 - 643*d + 9033. What is t(35)?
3
Let s(x) = -67*x**2 + 864*x - 1403. Determine s(11).
-6
Let f(r) = 592*r**2 - 30785*r + 39. Determine f(52).
-13
Let v(b) = 2*b**2 - 60*b - 11858. What is v(96)?
814
Let x(i) = -2*i**3 + 39*i**2 - 49*i + 50. Calculate x(18).
140
Let t(r) = r**3 + 60*r**2 + 785*r + 58. Calculate t(-41).
-188
Let j(s) = 104*s**3 - 7382*s**2 - 133*s - 640. What is j(71)?
-1
Let c(d) = 17*d**2 - 398*d + 1331. Give c(4).
11
Let v(m) = m**2 + 165*m + 4642. Give v(-36).
-2
Let b(k) = 7156*k - 21. Give b(0).
-21
Let g(o) = -17*o**2 - 23*o - 114. What is g(-4)?
-294
Let p(d) = -3*d**2 + 1087*d + 277124. Give p(535).
-6
Let r(i) = -2*i**2 + 970*i + 8876. Determine r(-9).
-16
Let d(j) = -8*j**3 - 3*j**2 + 33*j + 103. Calculate d(-3).
193
Let j(y) = y**3 + 11988*y**2 - 1882166*y + 157. Give j(155).
2
Let v(w) = -27*w**2 + 1050*w - 901. Calculate v(38).
11
Let a(u) = -35*u**3 - 10*u**2 - 194*u - 366. Give a(-2).
262
Let a(b) = -103*b**3 - 2*b**2 - 26*b + 70. Give a(2).
-814
Let o(k) = -1211*k - 94021. Determine o(-78).
437
Let k(y) = y**3 + 7*y**2 - 361. Calculate k(10).
1339
Let a(f) = 33891*f - 2846801. Calculate a(84).
43
Let v(x) = x**3 + 17*x**2 + 23*x - 11. Give v(-6).
247
Let j(l) = -497*l + 7812. Give j(16).
-140
Let a(o) = 3*o**2 + 138*o - 2132. Calculate a(15).
613
Let a(f) = -26*f**2 + 453*f + 120. What is a(15)?
1065
Let f(j) = -56*j**2 + 1910*j - 46. Give f(34).
158
Let g(b) = 3*b**2 - 119*b - 554. What is g(-4)?
-30
Let c(n) = 9*n**3 - 88*n**2 + 2*n + 29. Give c(9).
-520
Let m(x) = -261*x + 4793. What is m(25)?
-1732
Let w(i) = -6*i**2 + 337*i + 1790. What is w(61)?
21
Let z(m) = m**2 - 85*m - 4. Give z(20).
-1304
Let j(x) = -4072*x + 89739. Give j(22).
155
Let l(i) = 3*i**3 + 249*i**2 - 3107*i - 474. What is l(-94)?
-4
Let o(n) = 669*n**3 + 2*n**2 + 479*n + 962. Calculate o(-2).
-5340
Let y(h) = h**2 + 163*h + 6481. What is y(-67)?
49
Let p(c) = 1011*c - 29180. What is p(28)?
-872
Let n(s) = s**3 + 112*s**2 + 649*s + 1368. What is n(-106)?
-10
Let t(b) = b**3 + 9*b**2 + 235*b + 2397. What is t(-10)?
-53
Let f(h) = -2*h**2 + 10016*h - 436850. What is f(44)?
-18
Let b(c) = c**2 + 71*c - 16941. Determine b(100).
159
Let w(o) = o**2 + 25638*o - 307840. Give w(12).
-40
Let n(l) = -100*l**2 + 250*l + 4. Give n(1).
154
Let p(v) = v**3 + 131*v**2 - 6186*v + 5052. Determine p(-168).
12
Let z(p) = -19*p**2 - 404*p + 4177. Give z(-29).
-86
Let c(p) = p**3 + 141*p**2 + 384*p - 4047. Calculate c(-138).
93
Let y(h) = -43*h - 9153. Determine y(-177).
-1542
Let s(n) = -19*n**2 + 1084*n - 359. Calculate s(57).
-302
Let d(x) = -6*x**3 + 66*x**2 + 334*x + 267. Calculate d(-1).
5
Let w(f) = 151476*f + 151422. Determine w(-1).
-54
Let s(i) = -2007*i + 34101. Determine s(17).
-18
Let p(y) = -y**3 - 45*y**2 - 128*y - 1788. Give p(-43).
18
Let k(s) = -3*s**3 - 568*s**2 - 26870*s + 58. Calculate k(-97).
155
Let v(t) = -189*t - 7676. Calculate v(-48).
1396
Let u(q) = 71889*q - 790797. Calculate u(11).
-18
Let j(c) = -1893*c + 9137. Calculate j(6).
-2221
Let x(r) = r**3 - 319*r**2 - 7153*r - 571. Give x(-21).
-298
Let p(t) = -4695*t + 37478. Determine p(8).
-82
Let v(b) = b**2 + 210351*b - 3155491. Determine v(15).
-1
Let p(d) = -18714*d + 524002. Give p(28).
10
Let n(l) = -239862*l + 3597933. Give n(15).
3
Let q(i) = i**3 + 16900*i**2 + i - 13. Give q(0).
-13
Let l(j) = -3*j**3 + 4*j**2 - 259*j - 538. Calculate l(-2).
20
Let m(b) = b**2 + 10680*b + 372590. What is m(-35)?
15
Let k(j) = -6745*j - 134184. Calculate k(-20).
716
Let t(f) = -128*f**3 - 2*f**2 - 69*f - 132. Calculate t(-2).
1022
Let q(m) = -7*m**3 - 16*m**2 + 7868*m + 7881. Give q(-1).
4
Let w(f) = 2*f**2 + 40*f - 105. What is w(-14)?
-273
Let t(l) = 24643*l - 14366873. Calculate t(583).
-4
Let u(g) = -g**3 - 46*g**2 - 923*g - 18161. Determine u(-35).
669
Let b(t) = -49*t + 8578. Calculate b(174).
52
Let a(q) = -79448*q + 45285363. What is a(570)?
3
Let k(c) = c**3 - 8*c**2 - 42*c - 1362. Give k(16).
14
Let p(l) = 39*l + 573. Calculate p(31).
1782
Let l(n) = 131*n**3 + 647*n**2 - 27*n + 80. Calculate l(-5).
15
Let n(i) = 2*i**2 + 1228*i + 18991. Give n(-16).
-145
Let s(t) = t**2 - 56*t - 6489. What is s(109)?
-712
Let k(a) = 2*a**2 + 1270*a - 62661. Give k(46).
-9
Let a(i) = -i**3 - 14*i**2 + 83*i - 134. Determine a(4).
-90
Let c(u) = u**2 - 184*u - 2965. What is c(-15)?
20
Let g(i) = 6150*i + 18423. What is g(-3)?
-27
Let y(t) = -307*t**2 + 2669*t + 853. Calculate y(9).
7
Let h(r) = 5*r**2 - 2318*r + 13003. Calculate h(458).
179
Let d(r) = 2*r**3 + 165*r**2 + 1546*r + 2467. Determine d(-72).
19
Let g(b) = 166*b**2 - 189*b + 39. What is g(2)?
325
Let n(h) = h**2 + 39*h - 917. Give n(-18).
-1295
Let p(n) = -16099*n + 64442. Give p(4).
46
Let h(g) = 11*g**3 - 2*g**2 + 376*g - 381. Give h(1).
4
Let b(q) = 3929*q + 3689302. Give b(-939).
-29
Let x(h) = -14734*h - 147334. Calculate x(-10).
6
Let c(p) = -4*p**2 - 6979*p - 34839. What is c(-5)?
-44
Let h(p) = 2*p**3 + 121*p**2 - 73*p - 126. Determine h(-61).
606
Let j(c) = 586*c**2 - 1178*c + 22. Give j(2).
10
Let f(r) = -292073*r - 2336420. Give f(-8).
164
Let o(z) = z**3 - 16*z**2 + 92*z - 1027. Determine o(16).
445
Let t(y) = 10204*y - 61236. Give t(6).
-12
Let b(o) = 58543*o - 468594. Determine b(8).
-250
Let c(g) = g**3 - 27590*g**2 - 939207*g + 301. What is c(-34)?
-5
Let q(s) = s**3 + 42*s**2 + 354*s + 679. Calculate q(-8).
23
Let c(a) = -1355*a + 39064. Give c(29).
-231
Let m(t) = t**2 + 2835*t + 144690. Calculate m(-52).
-26
Let x(b) = 24897*b - 348505. What is x(14)?
53
Let j(u) = -90*u - 21414. Calculate j(-238).
6
Let j(h) = 7*h**2 - 3348*h - 2413. Calculate j(479).
-18
Let c(h) = 2*h**2 + 108*h + 252. What is c(-48)?
-324
Let l(q) = -q**3 + 120*q**2 + 206*q - 10272. Calculate l(121).
13
Let r(h) = 101*h**2 - 13477*h + 5856. Determine r(133).
4
Let y(v) = -2*v**3 + 97*v**2 - 1130*v - 34. What is y(29)?
-5
Let i(m) = -22*m + 1597. What is i(57)?
343
Let f(y) = 334*y - 47377.